 be d(-5). What is the units digit of 3 + j/o - -60?
7
Let m(z) = 3*z**2 + 2*z - 1. Let i be m(2). Let l be 7 + 4/12*15. Suppose i*u = l*u + 24. What is the units digit of u?
8
Suppose 0 = -5*d - 3*s - 618, 2*d + 5*s = -147 - 85. Let b = -65 - d. What is the units digit of b?
1
Let d = -715 + 1256. What is the tens digit of d?
4
Let i be 6 + -2 - 4/2. Suppose i*m + 3*m = 575. What is the hundreds digit of m?
1
Let p(m) = 6*m**2 + 7. Let k = 93 + -87. What is the tens digit of p(k)?
2
Suppose -3*h - 1522 = -4*z - h, 0 = 4*h - 12. What is the hundreds digit of z?
3
Let f(y) = 19*y**2 - 2*y - 17. What is the units digit of f(6)?
5
Let h be (-1)/(((-21)/(-48))/7). Let l be (170/3)/(((-8)/(-15))/(-8)). What is the units digit of l/h - (-1)/(-8)?
3
Let o(q) = 3*q + 30. Let d be o(-7). Let m(h) = 1 - 4 + 1 + h. What is the units digit of m(d)?
7
Let t(z) = 2*z + 2. Let j(x) = -3*x - 3. Let o(k) = -5*j(k) - 8*t(k). Let c be o(-4). What is the tens digit of (-56)/(-4) - (c - 7)?
1
Let g be ((-64)/24)/(6/(-9)). Let i(l) = 5*l**2 - 9*l + 1. What is the tens digit of i(g)?
4
Suppose 5*t - t - 224 = 0. Let b be (132/(-2))/(99/(-9) + 9). Let k = t - b. What is the tens digit of k?
2
Let d(n) = n**2 + 2. Suppose 2*a = 3*i + 2 - 15, 10 = i + 5*a. What is the tens digit of d(i)?
2
Let k = 238 + -236. What is the units digit of k?
2
Let p(y) = 2*y**3 - 21*y**2 + 14*y + 24. What is the tens digit of p(10)?
6
Let w(o) = 71*o**3 + 2*o - 1. Let f be w(1). Let c(s) = 5*s - 124. Let x be c(28). Let j = f - x. What is the tens digit of j?
5
What is the tens digit of ((-3)/(-12))/((-8)/(-34976))?
9
Let l = -8212 + 12474. What is the hundreds digit of l?
2
Suppose -8*q = w - 10*q - 8, -w - 4*q - 10 = 0. Let b(p) be the second derivative of 4*p**3/3 - p. What is the units digit of b(w)?
6
What is the tens digit of 10/(-15) - (-1 - 161/3)?
5
Let a(g) = -g**3 + 7*g**2 + 3*g - 17. Let v be a(7). Suppose v*f + z - 746 = 4*z, -f + 179 = 3*z. What is the hundreds digit of f?
1
Let y be (24/15)/((-4)/(-10)). Let m(w) = 7*w - 3. Let r be m(y). Suppose 0 = 3*t - 2*k - r, -2*k = 4*t + 3*k - 41. What is the units digit of t?
9
Let t(g) = g + 4. Let u be t(-1). Let z(f) = 7*f**2 - f - 7. What is the units digit of z(u)?
3
Let u(i) = -i**2. Suppose 0 - 3 = 3*z. Let b be u(z). What is the units digit of (-4)/(-2) + b + 4?
5
Suppose -4 = 4*d - 72. Suppose d*i - 13*i = 52. What is the units digit of i?
3
Suppose 7*a = 11*a + 32. Let v(r) = -13*r - 16. What is the units digit of v(a)?
8
Let p(d) be the third derivative of -7/3*d**3 - 8*d**2 + 0*d + 0 - 1/12*d**4. What is the units digit of p(-17)?
0
Let q = 1352 - 922. Suppose 9*p - 4*p = q. Suppose -g + p = 45. What is the units digit of g?
1
Suppose 2*q + 404 + 382 = 4*w, 6 = -2*q. What is the hundreds digit of w?
1
Let x be (-39)/(-6) + 2/(-4). Let h be (-2 + 7/3)*x. Let n(a) = 12*a - 1. What is the tens digit of n(h)?
2
Let a = -39 + 66. Suppose -a - 1 = -k. What is the units digit of k?
8
Let u(l) = 2*l**3 + 2*l**2 - 3*l - 2. Let g be u(-2). Let c = 54 + g. Let p = c + -18. What is the units digit of p?
2
Let l be 74/(-259) + ((-10928)/14)/(-2). Suppose l = -35*p + 40*p. What is the units digit of p?
8
Suppose 0 = -7*o + 4*o. Let a(g) = g**3 - g**2 - g + 136. What is the units digit of a(o)?
6
Suppose 4*c + 4*v = 3*v - 10, 0 = -5*c + v - 17. Let o(w) = 7*w - 3. Let l be o(c). What is the units digit of (0 + l + -3)/(-1)?
7
Let l(n) = 4*n + 16 - 10*n - n**2 - 6. Let a be l(-6). Suppose -27*p + a = -26*p. What is the units digit of p?
0
Suppose -2*s + 120 = 2*n - 584, -2*n - 3*s = -701. What is the tens digit of n?
5
What is the thousands digit of (0 + (9 - 0))*1238/6?
1
Suppose 0 = f - 3*d + 7, -d = -0*f - f + 1. Suppose -5*t - p = -21 - 48, -f*t - 2*p = -73. What is the units digit of t?
3
What is the tens digit of -1628*((-77)/(-21) + -4)*3?
2
Let q = 310 + 240. What is the hundreds digit of q?
5
Suppose 2*k = -22 + 170. Let s = 57 + k. What is the units digit of s?
1
Let u = 18 + -43. Let f = -25 - u. Let x(o) = -o + 3. What is the units digit of x(f)?
3
Suppose 0 = 3*k - 439 + 43. Let r be 2/(-4) + 548/8. Let n = k - r. What is the tens digit of n?
6
Let v = 10 - 2. Let i be 3 - (5 - v/4). Suppose -3*a - 2*a + 4*u + 100 = i, 0 = -u. What is the tens digit of a?
2
Let q be 3 + ((-6)/2 - -49). Suppose 133 = 3*g + 5*h, -2*h - 112 = -3*g + q. Suppose 0 = p - 4*p + g. What is the tens digit of p?
1
Let y = -9 - -8. What is the tens digit of (-51)/y - (-9 + 5)?
5
Let s be (-4 - -5) + 291 + 3 + -2. What is the hundreds digit of s - (-6)/(-24)*4?
2
Let b = -17 + 17. Suppose 4*a - 2*a - 248 = b. Let i = a - 76. What is the units digit of i?
8
Let l(j) = j**2 + 2*j. Let x be l(-3). What is the tens digit of (-2)/x - (-680)/30?
2
Suppose 3*y = -2 + 11. Suppose -y*j = j - 2512. What is the tens digit of 4/(-16) + j/16?
3
Suppose 0 = 10*o - 9 - 11. Suppose 3*i - 155 = -n, 0*i - 313 = -o*n - 3*i. What is the units digit of n?
8
Suppose -144*r + 1216 = -140*r. What is the hundreds digit of r?
3
Suppose 2*t = -4*u, 7*u - 18 = 2*u + 2*t. Suppose 2*y + u*v - 224 = 0, -5*y + v + 0*v + 572 = 0. What is the hundreds digit of y?
1
Suppose 7*t - 95 - 402 = 0. What is the units digit of t?
1
Let s = 2 - 5. Let l(a) be the third derivative of a**5/60 - a**4/6 + a**3/6 + 62*a**2. What is the tens digit of l(s)?
2
Let t = -121 - -117. Let g(u) = -u**3 + 6*u**2 + 6*u - 7. Let p(z) = -4*z**3 + 18*z**2 + 19*z - 22. Let x(m) = 7*g(m) - 2*p(m). What is the tens digit of x(t)?
1
Suppose 6*c = -2*r + 4*c + 2146, -1061 = -r - 5*c. What is the tens digit of r?
7
Suppose 0 = -6*y + 4*y - 102. Let u be y/(-3 + 0) - 2. What is the units digit of (-5)/(u/(-66)) + -3?
9
Suppose 5*y - 811 = 2*x + 4313, 5118 = 5*y - 4*x. What is the units digit of y?
6
Let w(j) = j**3 - 5*j**2 - 5. Let b be w(10). Suppose -b = -5*u - 4*u. What is the units digit of u?
5
Let v(t) = -t**3 + 27*t**2 - 23*t + 15. What is the units digit of v(11)?
8
Suppose -11*r - 20 = -13*r. Suppose -34 = -2*g + r. What is the units digit of g?
2
Suppose -7370 = -16*s - 714. What is the tens digit of s?
1
Let d = 1075 + -518. What is the units digit of d?
7
Let m(y) = -5*y - 1. Let c = -16 - -14. Let l be m(c). Let q = 46 - l. What is the tens digit of q?
3
Suppose 0 = -m + 4*m + 3*j + 15, -20 = 4*j. Suppose m*c + 5*c - 125 = 0. Suppose -5*d + t + c = 0, -4*t = 2*d - t - 10. What is the units digit of d?
5
Let d be 116/5 - (-6)/(-30). Let p = d - 21. What is the tens digit of 0 + 57/3 + p?
2
Let n = 11 - 9. Suppose n*z - 2*m - 1 = 3*m, 3*z = -4*m + 13. Suppose -l - z*l + 132 = 0. What is the units digit of l?
3
Suppose -82 = 2*t - 306. What is the tens digit of -2 + -1 + t - 2?
0
Let b(c) = 43*c + 2484. What is the units digit of b(0)?
4
Let l be (78/(-2))/(3/(-2)). Let x = l - 13. What is the units digit of x?
3
Suppose 0 = -3*c + 978 + 738. What is the tens digit of c?
7
Let z(w) = 2*w**2 - 13*w - 10. What is the units digit of z(23)?
9
Let s be (0/2)/(-4) - (-30)/(-3). Let b(m) = -m**3 - 8*m**2 + 12*m + 18. What is the tens digit of b(s)?
9
Let i(a) = -a**2 - a + 2. Let k be i(-2). Let p(n) = -1 + k - 65*n + 64*n. What is the units digit of p(-5)?
4
Let h = 722 - -254. What is the hundreds digit of h?
9
Suppose t - 13 = -i, 5*t = 2*i - 4*i + 11. Let v = 23 - i. Let m = 6 - v. What is the units digit of m?
1
Let g = -766 + 930. What is the hundreds digit of g?
1
Let y(l) = l - 6. Let q be (-3)/(-5) - 81/(-15). Let o be y(q). Suppose o = -4*g + 20 + 60. What is the units digit of g?
0
Let a = -35 - -35. Suppose 6*t + 13 - 253 = a. What is the units digit of t?
0
Suppose 0 = 4*s - 6 - 14. Suppose -5*n + 16 = 4*u, 2*u - s*u + 12 = 3*n. Suppose -5*g - i + 307 = n, 0 = -4*g - 5*i + 154 + 79. What is the units digit of g?
2
Let t be (-18)/(-27)*(-27)/(-2). Suppose 50 - t = a. What is the units digit of a?
1
Let d(a) = 41*a**2 - 150. What is the hundreds digit of d(10)?
9
Let c(p) = -8*p**3 - 3*p**2 + 22. What is the hundreds digit of c(-4)?
4
Suppose -3*g = -3*h + 6*h - 1653, 3*g + 4*h - 1655 = 0. What is the hundreds digit of g?
5
Suppose -5*s + 5*g + 35 = 0, 2*s - 14 = -6*g + 3*g. Suppose 0 = -s*v + 10*v - 204. What is the units digit of v?
8
Let w = 143 + -90. Suppose 2*v + m = -0*m + w, 2*v - 4*m - 28 =